+ 20. Let n(a) be the third derivative of -5*a**4/24 + 7*a**3/6 - a**2. Let w(x) = -11*n(x) + 4*s(x). Suppose 114 = 18*v + 24. Calculate w(v).
-2
Suppose -4*x + 3*p - 7*p + 84 = 0, 4*p - 21 = -x. Let m(a) = -x - 2*a + 15 - a**2 - 6*a. Determine m(-8).
-6
Let g be (-4)/(-18) + 80/(-36). Let l(h) = h**3 - 3*h + 2. Let v(w) = -4*w**3 + 13*w - 8. Let m(u) = 9*l(u) + 2*v(u). Determine m(g).
-4
Let b(w) = 6*w**2 + 2*w - 1. Let z be -4 + (4 - 2) + 88/(-4). Let o be (-2)/(-5) - z/40. Calculate b(o).
7
Let k(u) = 0*u**2 - 2*u**2 + u + u**3 + 0*u**3 - 2. Let h = 34 + -32. Suppose -4*n + 14 = -h*j, -3*n = -0*n + 2*j. Calculate k(n).
0
Suppose 4*r + 8 = -2*o - 18, -3 = o. Let c(m) = -m**3 - 5*m**2 + m + 1. Calculate c(r).
-4
Suppose 4*q + 32 = -6*c + 10*c, 0 = 2*c. Let o(x) = -x**2 - 8*x + 11. Calculate o(q).
11
Let l(m) = 0 + 2 - 2*m + m**2 - 3*m**2. Let d be l(-2). Let b(i) = -5 - 2 + 4 - i + 2. What is b(d)?
1
Let p = -136 - -196. Suppose -11*y + y = p. Let s(l) = -l**2 - 5*l + 3. Calculate s(y).
-3
Let u(m) = -3 - 7 - 4 + m**2 + 14. Let n(h) = -h - 10. Let y be n(-6). Let p be 0/(y - (-4 + 2)). Calculate u(p).
0
Let g(c) = -12*c**3 + 3*c - 6*c + 17*c**3 - 6*c**3. What is g(3)?
-36
Let i(s) = 10*s - 1. Let p(u) = -u - 6. Suppose 5*m - x - 12 = 0, 3 = -m + x + x. Let y = -2 - m. Let v be p(y). What is i(v)?
-11
Let u = -7 + -1. Let w be (-42)/u - 1/4. Let t(l) = 14*l + 13. Let m(g) = -5*g - 5. Let n(d) = -17*m(d) - 6*t(d). What is n(w)?
12
Let p(u) = u**3 + 18*u**2 + u + 24. Let h be p(-18). Let w(q) = -10 + 13 + 2*q - h. Determine w(5).
7
Let p(j) = -j**3 + 3*j + 4*j**2 - 1 + 3*j**2 - 1 - 5*j**2. Suppose -5*c - 45 = k - 28, -2*k = -5*c - 26. What is p(k)?
-2
Let z(r) = r**3 + 2*r - 5 + 2*r + 6 - 3*r + 4*r**2. Let l be z(-3). Let u(j) = 4*j + 5. Let c(d) = 6*d + 7. Let b(t) = l*u(t) - 5*c(t). Give b(-2).
4
Let o(k) = k**2 + k - 2. Let a(p) = 9*p**2 + p. Let d be a(-1). Suppose 4*y - m + 3*m = 0, 4*y - 2*m = 0. Suppose d = 4*s - y. Calculate o(s).
4
Let g(m) = -2*m - 8. Let s be 14/(-77) - 68/(-11). Suppose -21 = p + 3*i, -p - 5*i = -s*p - 85. Let n be 336/(-54) - 4/p. Give g(n).
4
Suppose 2*f - 4*d + 10 = 0, 0 = 5*f - 3*f + 3*d - 18. Let t(r) be the second derivative of -1/6*r**f + 1/3*r**4 + 0 - 1/20*r**5 + 2*r**2 + 4*r. What is t(4)?
0
Let j(u) be the second derivative of u**5/20 - u**4/12 - u**3/6 + u**2/2 + 650*u. Let x(g) = -g**2 + 3*g - 1. Let i be x(1). What is j(i)?
0
Let m(z) be the first derivative of 3*z**4/4 + 5*z**3/3 + z**2/2 - 2*z + 259. Give m(-3).
-41
Let b(x) = x**3 + 9*x**2 + 10*x - 10. Suppose -16 = 4*j, -3*g - 2*j - 44 = -12. Determine b(g).
-26
Suppose -36*s = -37*s - 8. Let d(v) = 2*v + 8. Give d(s).
-8
Let b(z) = 13*z**3 + z**2 + z. Let p = -30 - -24. Let l be (2/p)/((-1)/(-3)). Give b(l).
-13
Let c = 55 + -37. Suppose -11*q = c + 37. Let r(f) = f**2 + 4*f - 6. What is r(q)?
-1
Let r(y) be the third derivative of -7/6*y**3 + 1/10*y**5 + 5*y**2 + 1/120*y**6 + 0*y + 0 + 5/24*y**4. Let b(t) = -t + 1. Let g be b(6). What is r(g)?
-7
Let i = -583 + 567. Let v(r) = -2*r - 6. What is v(i)?
26
Let o(z) be the second derivative of -z**5/20 - z**4/12 - 5*z**2/2 - 5*z + 12. Give o(0).
-5
Let m(p) be the second derivative of 0 + 3*p + 1/6*p**3 - 7/2*p**2. Give m(7).
0
Let s(t) = -t**2 + t + 3. Let w(q) = 3*q**2 - 37*q + 44. Let j(c) = -2*c**2 + 25*c - 29. Let i(n) = -7*j(n) - 5*w(n). Let p be i(7). Calculate s(p).
-9
Let g be 0 + 3 + -3 - -5. Suppose g*j - 8 = 7. Let u(n) be the second derivative of n**3/3 - n**2 + 23*n. Give u(j).
4
Let w(o) = -o**2 + 4*o - 2. Let r(j) = -2*j - 34. Let l be r(-15). Calculate w(l).
-34
Let u(q) be the third derivative of -q**6/120 + 13*q**5/60 + 3*q**4/4 - 7*q**3/2 - 511*q**2. Calculate u(14).
35
Let l(z) be the second derivative of 5*z**4/6 + z**3/6 + z**2/2 + 5*z. Suppose 2*u + 1 = m + 6, -8 = -u - 5*m. Suppose u = 9*y - 12*y. Give l(y).
10
Let p be 12/126 - (-6 - 1925/(-147)). Suppose -8*b + 3*b = -15. Let n(w) = -w + 6*w**2 - 3*w - 3*w + w**b + 7. What is n(p)?
7
Let u(h) be the second derivative of h**4/12 - 2*h**3/3 - 2*h**2 + 529*h. Calculate u(4).
-4
Let c(f) be the first derivative of -f**4/4 + 4*f**3/3 - f**2 + f + 85. Calculate c(3).
4
Let k(y) = -166*y - 162*y - 5*y**3 + 4*y**3 + 2*y**2 + 327*y. Let q = 20 + -12. Suppose 0 = -q*i + 3*i + 10. What is k(i)?
-2
Let x(p) = -4*p**2 + 7 + p - 15 + p**3 + 11*p**2 - 8*p**2. Let r be (10 + -10)/(3 + -2). Give x(r).
-8
Let r(i) be the second derivative of 5/6*i**3 - 3/2*i**2 - 1 + 4*i. Calculate r(2).
7
Let m(u) = 20*u + 104. Let p(l) = 4*l + 21. Let f(d) = 3*m(d) - 16*p(d). Let w be f(-8). Let h(x) = -x + 6. Give h(w).
-2
Let n(h) = -2*h - 15. Suppose -140 = 19*c - 5*c. Give n(c).
5
Let z(v) = -v**2 + 11*v + 7. Suppose -4*d + d + 46 = 2*o, 0 = -3*o + 15. Calculate z(d).
-5
Let y(s) = 23*s + 34. Let d(h) = 26*h + 38. Let f(a) = -8*d(a) + 9*y(a). Give f(3).
-1
Let y(f) be the third derivative of 0 - 1/120*f**6 + 0*f - 27*f**2 - 7/6*f**3 - 1/8*f**4 + 1/10*f**5. Determine y(5).
3
Let v = -8 + 13. Suppose j + 5*y = -0*j + 32, -5*j = -v*y - 10. Let c(f) = -16*f + 15. Let n(h) = -5*h. Let a(g) = c(g) - 3*n(g). Calculate a(j).
8
Let i(l) = 2*l**3 - 9*l**2 - 5*l - 7. Let j = -958 + 963. Give i(j).
-7
Let j be (-18)/(-33) - (4680/55)/(-9). Let l(a) = -3*a - 8. Determine l(j).
-38
Let c(g) = g + 5. Let w be 10/(-3)*24/(-32)*-2. Give c(w).
0
Let x(r) be the second derivative of -4*r**2 + 1/20*r**5 - 5*r - r**3 - 5/12*r**4 + 0. Calculate x(6).
-8
Let q(c) = -2*c**3 - 9*c**2 + 5*c + 7. Let g be q(-5). Let h(r) = r - 12. Determine h(g).
-5
Let n(k) be the first derivative of 5*k**2/2 + 5*k - 67. Calculate n(4).
25
Let q be (-2)/4 - (-30)/20. Let k(j) = j**2 + j - 1. Let o(i) = -6*i**2 - 16*i - 1. Let v(y) = q*o(y) + 5*k(y). What is v(-11)?
-6
Let w(v) = -4*v**2. Let h be w(-1). Let i = -8 + 17. Let x = h + i. Let o(r) = r**2 - 5*r - 6. What is o(x)?
-6
Let g(i) be the third derivative of -i**7/2520 - i**6/240 + i**5/40 - 31*i**4/24 + 37*i**2. Let w(l) be the second derivative of g(l). Determine w(-4).
-1
Let g(r) = -3*r + 3. Let v(m) = 14*m - 16. Let q(f) = -11*g(f) - 2*v(f). Let x = -1349 - -1352. Give q(x).
14
Let g(v) be the third derivative of -v**6/120 - 13*v**5/60 + v**4/24 + 3*v**3 + 2*v**2 + 1. Calculate g(-13).
5
Suppose -4*x + 3 + 28 = u, 0 = 3*x + u - 23. Let m(i) = 4*i - 3. Let h(a) = -11*a + 8. Let o(z) = x*m(z) + 3*h(z). Let v be (-1 - (-1)/2)*10. What is o(v)?
5
Let l(j) = j**2 + j. Let d(i) = 4*i**2 + 13*i - 10*i - 7 - 5*i - 2*i. Let x(r) = d(r) - 2*l(r). Calculate x(5).
13
Let n = 122 + 2. Let o = n + -114. Let h(z) = -z**2 + 9*z + 9. Calculate h(o).
-1
Suppose -25 = -5*q - 3*n - 8, 18 = -2*q + 5*n. Let s(k) = -12*k**3 - k**2. What is s(q)?
-13
Let p(k) be the third derivative of -k**4/8 - k**3/6 + 6*k**2 - 9*k. Calculate p(2).
-7
Let t(a) = -a + 1. Let b(x) = -x**2 - 4. Suppose 0 = 6*n + 20 - 32. Let h(d) = n*t(d) + b(d). Determine h(-4).
-10
Let s(v) = v - 6. Let f(q) = 12*q - 37. Let y(n) = -25*n + 75. Let z(j) = -13*f(j) - 6*y(j). Let r(h) = -11*s(h) - 2*z(h). Calculate r(-4).
0
Let i(w) = 4*w**2 - 13*w**2 + 8*w**2 + 0*w**2 + 2*w. Let s be i(0). Let h(v) = v + 2. Determine h(s).
2
Let o(w) = -6*w - 41*w**2 + 42*w**2 + 15 - 26. Calculate o(8).
5
Let k(s) = -2*s**3 + 24*s**2 - s + 16. Let q(i) = 12*i + 60. Let g be q(-4). What is k(g)?
4
Let q(u) = 8*u. Let b = 648 - 651. Calculate q(b).
-24
Let l(i) = 43*i + 36*i - 82*i + 1. What is l(-1)?
4
Let n = -141 - -153. Let u(l) = l**3 - 6 + 7*l**2 - n + 19 + 7*l. Calculate u(-6).
-5
Let d(z) = -z**3 + 17*z**2 + 2*z - 41. Let b be d(17). Let v(i) = i**3 + 8*i**2 + 8*i - 6. What is v(b)?
-13
Let h(c) be the third derivative of -c**5/60 + c**4/3 - c**3/2 + 117*c**2. What is h(5)?
12
Let k(p) = p**2 - p - 1. Let v(z) = -2*z**2 - 7*z + 6. Let h(b) = 3*k(b) + v(b). Determine h(10).
3
Let v(a) = -a**3 - 6*a**2 + 8*a - 6. Let w = 0 + 2. Suppose -3*b - 5*s = 5 + w, 5*s = 3*b + 47. Let f = 2 + b. Determine v(f).
-13
Let i = -70 + 71. Suppose 8 + 12 = 5*y. Let w(j) = -2 + 3 - j + 2*j - y*j. What is w(i)?
-2
Let z(q) be the third derivative of 7*q**4/24 + q**3/6 - 26*q**2. Suppose 3*y + 2*f + 3 = 0, -3*f + 27 = -5*y + f. Determine z(y).
-20
Let x(b) = 6 + 0*b + 2*b - 14 + 8 - 1. Let o(w) = w**3 + 4*w**2 - 5*w + 6.